{"id":1319,"date":"2018-05-03T17:26:07","date_gmt":"2018-05-03T17:26:07","guid":{"rendered":"http:\/\/donchumbito.com\/?page_id=1319"},"modified":"2018-05-03T17:28:05","modified_gmt":"2018-05-03T17:28:05","slug":"politica-de-cookies","status":"publish","type":"page","link":"http:\/\/donchumbito.com\/index.php\/politica-de-cookies\/","title":{"rendered":"Pol\u00edtica de Cookies"},"content":{"rendered":"<h4><strong>\u00bfQu\u00e9 finalidad tienen las cookies?<\/strong><\/h4>\n<p>Esta web utiliza cookies de terceros, con la \u00fanica finalidad de analizar la navegaci\u00f3n de usuarios por la web, de forma que esa informaci\u00f3n quede almacenada y pueda ser identificada en visitas posteriores del usuario. De esta manera, se nos permite analizar las visitas a nuestra p\u00e1gina web.<\/p>\n<h4><strong>\u00bfQu\u00e9 son las cookies?<\/strong><\/h4>\n<p>Las cookies son unos archivos que se instalan en el equipo con el que navegas a trav\u00e9s de nuestra web precisamente con las finalidades que te hemos indicado en el p\u00e1rrafo anterior.<\/p>\n<h4><strong>\u00bfC\u00f3mo se utilizan?<\/strong><\/h4>\n<p>Las cookies utilizadas por este sitio web son las correspondientes a Google Analytics.<\/p>\n<p>Puedes consultar la Pol\u00edtica de Privacidad de Google Analytics en <a href=\"https:\/\/developers.google.com\/analytics\/devguides\/collection\/analyticsjs\/cookie-usage\">https:\/\/developers.google.com\/analytics\/devguides\/collection\/analyticsjs\/cookie-usage<\/a><\/p>\n<p>Con el uso de estos archivos no pretendemos tratar datos personales de los usuarios, como nombres o apellidos, sino que obtenemos informaci\u00f3n relacionada con el n\u00famero de p\u00e1ginas visitadas, n\u00famero de usuarios que nos visitan, frecuencia y reincidencia de visitas, tiempo de visita, etc., con el fin de mejorar nuestra web, detectar nuevas necesidades y prestar un mejor servicio en la red.<\/p>\n<h4><strong>Consentimiento del uso de las cookies<\/strong><\/h4>\n<p>Consentir\u00e1s el uso de las cookies, si navegas por nuestra web desplaz\u00e1ndote hacia abajo, o haciendo clic en cualquier men\u00fa o enlace de la misma.<\/p>\n<p>En cualquier caso, puedes permitir, bloquear y eliminar las cookies instaladas en tu equipo a trav\u00e9s de la configuraci\u00f3n de las opciones de tu navegador.<\/p>\n","protected":false},"excerpt":{"rendered":"<p>\u00bfQu\u00e9 finalidad tienen las cookies? Esta web utiliza cookies de terceros, con la \u00fanica finalidad de analizar la navegaci\u00f3n de usuarios por la web, de forma que esa informaci\u00f3n quede almacenada y pueda ser identificada en visitas posteriores del usuario. De esta manera, se nos permite analizar las visitas a nuestra p\u00e1gina web. \u00bfQu\u00e9 son&#8230;<\/p>\n","protected":false},"author":1,"featured_media":0,"parent":0,"menu_order":0,"comment_status":"closed","ping_status":"closed","template":"","meta":{"footnotes":""},"class_list":["post-1319","page","type-page","status-publish","hentry"],"_links":{"self":[{"href":"http:\/\/donchumbito.com\/index.php\/wp-json\/wp\/v2\/pages\/1319","targetHints":{"allow":["GET"]}}],"collection":[{"href":"http:\/\/donchumbito.com\/index.php\/wp-json\/wp\/v2\/pages"}],"about":[{"href":"http:\/\/donchumbito.com\/index.php\/wp-json\/wp\/v2\/types\/page"}],"author":[{"embeddable":true,"href":"http:\/\/donchumbito.com\/index.php\/wp-json\/wp\/v2\/users\/1"}],"replies":[{"embeddable":true,"href":"http:\/\/donchumbito.com\/index.php\/wp-json\/wp\/v2\/comments?post=1319"}],"version-history":[{"count":1,"href":"http:\/\/donchumbito.com\/index.php\/wp-json\/wp\/v2\/pages\/1319\/revisions"}],"predecessor-version":[{"id":1321,"href":"http:\/\/donchumbito.com\/index.php\/wp-json\/wp\/v2\/pages\/1319\/revisions\/1321"}],"wp:attachment":[{"href":"http:\/\/donchumbito.com\/index.php\/wp-json\/wp\/v2\/media?parent=1319"}],"curies":[{"name":"wp","href":"https:\/\/api.w.org\/{rel}","templated":true}]}}